{"id":134,"date":"2017-10-21T08:24:19","date_gmt":"2017-10-21T06:24:19","guid":{"rendered":"http:\/\/antjefuss.de\/?page_id=134"},"modified":"2026-08-24T18:30:02","modified_gmt":"2026-08-24T16:30:02","slug":"aktuelles","status":"publish","type":"page","link":"https:\/\/antjefuss.de\/?page_id=134","title":{"rendered":"Aktuelles"},"content":{"rendered":"\n<p class=\"has-dark-gray-color has-text-color has-large-font-size\"><strong>CHAIR!<\/strong> <\/p>\n\n\n\n<p class=\"has-dark-gray-color has-text-color\">Museumsnacht Koblenz 2026<\/p>\n\n\n\n<p class=\"has-dark-gray-color has-text-color\">Samstag 05.09.2026 Beginn 19:00 Uhr<\/p>\n\n\n\n<p class=\"has-dark-gray-color has-text-color\">Vernissage 20:00 Uhr<\/p>\n\n\n\n<p class=\"has-text-align-left has-dark-gray-color has-text-color\" style=\"font-size:15px\"><\/p>\n\n\n\n<figure class=\"wp-block-image size-large\"><img decoding=\"async\" loading=\"lazy\" width=\"297\" height=\"1024\" src=\"https:\/\/antjefuss.de\/wp-7bbc5-content\/uploads\/2026\/08\/AKM-CHAIR-2026-Mailing-260811-297x1024.jpg\" alt=\"\" class=\"wp-image-360\" srcset=\"https:\/\/antjefuss.de\/wp-7bbc5-content\/uploads\/2026\/08\/AKM-CHAIR-2026-Mailing-260811-297x1024.jpg 297w, https:\/\/antjefuss.de\/wp-7bbc5-content\/uploads\/2026\/08\/AKM-CHAIR-2026-Mailing-260811-87x300.jpg 87w, https:\/\/antjefuss.de\/wp-7bbc5-content\/uploads\/2026\/08\/AKM-CHAIR-2026-Mailing-260811-445x1536.jpg 445w\" sizes=\"(max-width: 297px) 100vw, 297px\" \/><\/figure>\n\n\n\n<p><\/p>\n\n\n\n<p>Ich freue mich auf ein Wiedersehen!<\/p>\n\n\n\n<p>Herzliche Gr\u00fc\u00dfe,<\/p>\n\n\n\n<p>Antje Fu\u00df<\/p>\n\n\n\n<div style=\"height:71px\" aria-hidden=\"true\" class=\"wp-block-spacer\"><\/div>\n\n\n\n<h2>Kataloge:<\/h2>\n\n\n<p><a href=\"http:\/\/antjefuss.de\/wp-7bbc5-content\/uploads\/2018\/07\/antje-fuss-katalog2.jpg\"><img decoding=\"async\" loading=\"lazy\" class=\"alignnone size-full wp-image-164\" src=\"http:\/\/antjefuss.de\/wp-7bbc5-content\/uploads\/2018\/07\/antje-fuss-katalog2.jpg\" alt=\"antje-fuss-katalog2\" width=\"665\" height=\"911\" srcset=\"https:\/\/antjefuss.de\/wp-7bbc5-content\/uploads\/2018\/07\/antje-fuss-katalog2.jpg 665w, https:\/\/antjefuss.de\/wp-7bbc5-content\/uploads\/2018\/07\/antje-fuss-katalog2-219x300.jpg 219w, https:\/\/antjefuss.de\/wp-7bbc5-content\/uploads\/2018\/07\/antje-fuss-katalog2-624x855.jpg 624w\" sizes=\"(max-width: 665px) 100vw, 665px\" \/><\/a><\/p>\n<p><strong>Antje Fu\u00df,&#8221;AUCH DAS NOCH&#8221;, Katalog, 24 Seiten<\/strong><br>Den Katalog k\u00f6nnen Sie f\u00fcr 5 Euro plus 2 Euro Versandkosten per E-Mail bestellen: antjefuss.bonn@web.de<\/p>\n<p>&nbsp;<\/p>\n<p>&nbsp;<\/p>\n<p><a href=\"http:\/\/antjefuss.de\/wp-7bbc5-content\/uploads\/2017\/10\/antje-cover-okt-14.jpg\"><img decoding=\"async\" loading=\"lazy\" class=\"alignnone size-large wp-image-133\" src=\"http:\/\/antjefuss.de\/wp-7bbc5-content\/uploads\/2017\/10\/antje-cover-okt-14-726x1024.jpg\" alt=\"antje umschlag2.indd\" width=\"625\" height=\"882\" srcset=\"https:\/\/antjefuss.de\/wp-7bbc5-content\/uploads\/2017\/10\/antje-cover-okt-14-726x1024.jpg 726w, https:\/\/antjefuss.de\/wp-7bbc5-content\/uploads\/2017\/10\/antje-cover-okt-14-213x300.jpg 213w, https:\/\/antjefuss.de\/wp-7bbc5-content\/uploads\/2017\/10\/antje-cover-okt-14-768x1084.jpg 768w, https:\/\/antjefuss.de\/wp-7bbc5-content\/uploads\/2017\/10\/antje-cover-okt-14-624x880.jpg 624w, https:\/\/antjefuss.de\/wp-7bbc5-content\/uploads\/2017\/10\/antje-cover-okt-14.jpg 1655w\" sizes=\"(max-width: 625px) 100vw, 625px\" \/><\/a><\/p>\n<p><strong>Antje Fu\u00df, Katalog, 50 Seiten<\/strong><br>Den Katalog k\u00f6nnen Sie f\u00fcr 10 Euro plus 2 Euro Versandkosten per E-Mail bestellen: antjefuss.bonn@web.de<\/p>","protected":false},"excerpt":{"rendered":"<p>CHAIR! Museumsnacht Koblenz 2026 Samstag 05.09.2026 Beginn 19:00 Uhr Vernissage 20:00 Uhr Ich freue mich auf ein Wiedersehen! Herzliche Gr\u00fc\u00dfe, Antje Fu\u00df Kataloge: Antje Fu\u00df,&#8221;AUCH DAS NOCH&#8221;, Katalog, 24 SeitenDen Katalog k\u00f6nnen Sie f\u00fcr 5 Euro plus 2 Euro Versandkosten per E-Mail bestellen: antjefuss.bonn@web.de &nbsp; &nbsp; Antje Fu\u00df, Katalog, 50 SeitenDen Katalog k\u00f6nnen Sie f\u00fcr [&hellip;]<\/p>\n","protected":false},"author":3,"featured_media":0,"parent":0,"menu_order":0,"comment_status":"closed","ping_status":"closed","template":"","meta":{"ngg_post_thumbnail":0},"_links":{"self":[{"href":"https:\/\/antjefuss.de\/index.php?rest_route=\/wp\/v2\/pages\/134"}],"collection":[{"href":"https:\/\/antjefuss.de\/index.php?rest_route=\/wp\/v2\/pages"}],"about":[{"href":"https:\/\/antjefuss.de\/index.php?rest_route=\/wp\/v2\/types\/page"}],"author":[{"embeddable":true,"href":"https:\/\/antjefuss.de\/index.php?rest_route=\/wp\/v2\/users\/3"}],"replies":[{"embeddable":true,"href":"https:\/\/antjefuss.de\/index.php?rest_route=%2Fwp%2Fv2%2Fcomments&post=134"}],"version-history":[{"count":61,"href":"https:\/\/antjefuss.de\/index.php?rest_route=\/wp\/v2\/pages\/134\/revisions"}],"predecessor-version":[{"id":362,"href":"https:\/\/antjefuss.de\/index.php?rest_route=\/wp\/v2\/pages\/134\/revisions\/362"}],"wp:attachment":[{"href":"https:\/\/antjefuss.de\/index.php?rest_route=%2Fwp%2Fv2%2Fmedia&parent=134"}],"curies":[{"name":"wp","href":"https:\/\/api.w.org\/{rel}","templated":true}]}}

<p class="has-dark-gray-color has-text-color has-large-font-size"><strong>CHAIR!</strong> </p>



<p class="has-dark-gray-color has-text-color">Museumsnacht Koblenz 2026</p>



<p class="has-dark-gray-color has-text-color">Samstag 05.09.2026 Beginn 19:00 Uhr</p>



<p class="has-dark-gray-color has-text-color">Vernissage 20:00 Uhr</p>



<p class="has-text-align-left has-dark-gray-color has-text-color" style="font-size:15px"></p>



<figure class="wp-block-image size-large"><img decoding="async" loading="lazy" width="297" height="1024" src="https://antjefuss.de/wp-7bbc5-content/uploads/2026/08/AKM-CHAIR-2026-Mailing-260811-297x1024.jpg" alt="" class="wp-image-360" srcset="https://antjefuss.de/wp-7bbc5-content/uploads/2026/08/AKM-CHAIR-2026-Mailing-260811-297x1024.jpg 297w, https://antjefuss.de/wp-7bbc5-content/uploads/2026/08/AKM-CHAIR-2026-Mailing-260811-87x300.jpg 87w, https://antjefuss.de/wp-7bbc5-content/uploads/2026/08/AKM-CHAIR-2026-Mailing-260811-445x1536.jpg 445w" sizes="(max-width: 297px) 100vw, 297px" /></figure>



<p></p>



<p>Ich freue mich auf ein Wiedersehen!</p>



<p>Herzliche Grüße,</p>



<p>Antje Fuß</p>



<div style="height:71px" aria-hidden="true" class="wp-block-spacer"></div>



<h2>Kataloge:</h2>


<p><a href="http://antjefuss.de/wp-7bbc5-content/uploads/2018/07/antje-fuss-katalog2.jpg"><img decoding="async" loading="lazy" class="alignnone size-full wp-image-164" src="http://antjefuss.de/wp-7bbc5-content/uploads/2018/07/antje-fuss-katalog2.jpg" alt="antje-fuss-katalog2" width="665" height="911" srcset="https://antjefuss.de/wp-7bbc5-content/uploads/2018/07/antje-fuss-katalog2.jpg 665w, https://antjefuss.de/wp-7bbc5-content/uploads/2018/07/antje-fuss-katalog2-219x300.jpg 219w, https://antjefuss.de/wp-7bbc5-content/uploads/2018/07/antje-fuss-katalog2-624x855.jpg 624w" sizes="(max-width: 665px) 100vw, 665px" /></a></p>
<p><strong>Antje Fuß,&#8221;AUCH DAS NOCH&#8221;, Katalog, 24 Seiten</strong><br>Den Katalog können Sie für 5 Euro plus 2 Euro Versandkosten per E-Mail bestellen: antjefuss.bonn@web.de</p>
<p>&nbsp;</p>
<p>&nbsp;</p>
<p><a href="http://antjefuss.de/wp-7bbc5-content/uploads/2017/10/antje-cover-okt-14.jpg"><img decoding="async" loading="lazy" class="alignnone size-large wp-image-133" src="http://antjefuss.de/wp-7bbc5-content/uploads/2017/10/antje-cover-okt-14-726x1024.jpg" alt="antje umschlag2.indd" width="625" height="882" srcset="https://antjefuss.de/wp-7bbc5-content/uploads/2017/10/antje-cover-okt-14-726x1024.jpg 726w, https://antjefuss.de/wp-7bbc5-content/uploads/2017/10/antje-cover-okt-14-213x300.jpg 213w, https://antjefuss.de/wp-7bbc5-content/uploads/2017/10/antje-cover-okt-14-768x1084.jpg 768w, https://antjefuss.de/wp-7bbc5-content/uploads/2017/10/antje-cover-okt-14-624x880.jpg 624w, https://antjefuss.de/wp-7bbc5-content/uploads/2017/10/antje-cover-okt-14.jpg 1655w" sizes="(max-width: 625px) 100vw, 625px" /></a></p>
<p><strong>Antje Fuß, Katalog, 50 Seiten</strong><br>Den Katalog können Sie für 10 Euro plus 2 Euro Versandkosten per E-Mail bestellen: antjefuss.bonn@web.de</p>

<p>CHAIR! Museumsnacht Koblenz 2026 Samstag 05.09.2026 Beginn 19:00 Uhr Vernissage 20:00 Uhr Ich freue mich auf ein Wiedersehen! Herzliche Grüße, Antje Fuß Kataloge: Antje Fuß,&#8221;AUCH DAS NOCH&#8221;, Katalog, 24 SeitenDen Katalog können Sie für 5 Euro plus 2 Euro Versandkosten per E-Mail bestellen: antjefuss.bonn@web.de &nbsp; &nbsp; Antje Fuß, Katalog, 50 SeitenDen Katalog können Sie für [&hellip;]</p>
